{"id":1127,"date":"2021-04-02T16:11:47","date_gmt":"2021-04-02T16:11:47","guid":{"rendered":"http:\/\/www.lmpa.univ-littoral.fr\/SIC\/?page_id=1127"},"modified":"2021-04-02T16:11:47","modified_gmt":"2021-04-02T16:11:47","slug":"seminaire-du-10-mai-par-viseoconference","status":"publish","type":"page","link":"https:\/\/www-lmpa.univ-littoral.fr\/~sic\/wordpress\/?page_id=1127","title":{"rendered":"S\u00e9minaire du 10 mai 2021 par vis\u00e9oconf\u00e9rence"},"content":{"rendered":"<p>Lieu: partout&#8230; par vis\u00e9oconf\u00e9rence!<\/p>\n<p>Organisation: Anatole Kh\u00e9lif (khelif [at] math.univ-paris-diderot.fr, responsable technique), Andr\u00e9e Ehresmann (ehres [at] u-picardie.fr), Ren\u00e9 Guitart (rene.guitart [at] orange.fr).<\/p>\n<p>Participation: La participation se faisant via Zoom, les participants sont pri\u00e9s de s\u2019inscrire d&#8217;avance en envoyant un e-mail \u00e0 l&#8217;un des organisateurs. Ceci permettra \u00e0 Anatole Kh\u00e9lif de leur envoyer le lien permettant de joindre la r\u00e9union. <\/p>\n<p>Programme:<br \/>\nCe s\u00e9minaire est d\u00e9dicac\u00e9 \u00e0 <a href=\"https:\/\/www.youtube.com\/watch?v=zfN4Enr1bLw\">Christian Lair<\/a> (disparu en Septembre 2020).<br \/>\n09h30 &#8211; Ouverture du s\u00e9minaire par Anatole Kh\u00e9lif<br \/>\n09h45 &#8211; Andr\u00e9e Ehresmann<br \/>\n10h30 &#8211; Ren\u00e9 Guitart<br \/>\n11h15 &#8211; Dominique Bourn<br \/>\nPause<br \/>\n14h00 &#8211; Serge Bouc<br \/>\n14h45 &#8211; Florence Sterck<br \/>\n15h30 &#8211; Hommages \u00e0 Christian Lair, en pr\u00e9paration \u00e0 un futur colloque en pr\u00e9sentiel <\/p>\n<p>R\u00e9sum\u00e9s:<br \/>\nAndr\u00e9e Ehresmann (Universit\u00e9 d&#8217;Amiens) &#8211; Syst\u00e8me \u00e9volutif des travaux de C. Lair<br \/>\nLes travaux de recherche de C. Lair ont essentiellement port\u00e9 sur la th\u00e9orie des esquisses et l&#8217;\u00e9tude de leurs r\u00e9alisations ou mod\u00e8les (cat\u00e9gories modelables ou accessibles). Je d\u00e9crirai leur \u00e9volution tant du point de vue syntaxique que s\u00e9mantique, insistant sur certains points: existence de petit diagramme localement libre, th\u00e9or\u00e8mes de plongement, notion de &#8216;trame&#8217;.<\/p>\n<p>Ren\u00e9 Guitart (Universit\u00e9 Paris-Diderot) &#8211; Interpr\u00e9tation cat\u00e9gorique de la logique de l&#8217;ind\u00e9pendance de J. Hintikka (en collaboration avec C. Lair).                                                                                            L&#8217;expos\u00e9 sera en trois points:<br \/>\n1. Hintikka, critiquant la logique du 1er ordre, a d\u00e9velopp\u00e9 la s\u00e9mantique des jeux pour la logique du 1er ordre, et ensuite la logique pour l&#8217;ind\u00e9pendance ou IF-logic (Independence-Friendly Logic) avec notamment les quantificateurs-\u00e0-ind\u00e9pendances.<br \/>\n2. La logique du 1er ordre &#8220;s&#8217;esquisse&#8221;.<br \/>\n3. La IF-Logic de Hintikka peut se sp\u00e9cifier en terme de propri\u00e9t\u00e9s universelles intriqu\u00e9es.<\/p>\n<p>Dominique Bourn (Universit\u00e9 du Littoral) &#8211; Un point de vue \u00ab maltsevien \u00bb sur la fibration $\\mathsf{Cat}\\mathbb{E}\\to\\mathbb{E}$ des cat\u00e9gories internes.<br \/>\nOn montrera que la fibration $\\mathsf{Cat}\\mathbb{E}\\to\\mathbb{E}$ des cat\u00e9gories internes \u00e0 $\\mathbb{E}$ poss\u00e8de deux propri\u00e9t\u00e9s qui ont des rapports avec les concepts de proto-modularit\u00e9  et de mal\u2019tsevit\u00e9.<\/p>\n<p>Serge Bouc (Universit\u00e9 d&#8217;Amiens) &#8211; Foncteurs de bi-ensembles et groupes d&#8217;ordre impair<br \/>\nJe pr\u00e9senterai certains des liens existant entre les foncteurs de bi-ensembles et le th\u00e9or\u00e8me de Feit-Thompson selon lequel tout groupe fini d&#8217;ordre impair est r\u00e9soluble. Ce th\u00e9or\u00e8me admet en effet une formulation \u00e9quivalente en termes de foncteurs de bi-ensembles, et en retour, il permet de montrer des r\u00e9sultats non-triviaux sur certains foncteurs de bi-ensembles simples.<\/p>\n<p>Florence Sterck (Universit\u00e9 de Louvain-la-Neuve) &#8211; Extensions scind\u00e9es de big\u00e8bres<br \/>\nDans la cat\u00e9gorie des groupes, les extensions scind\u00e9es ont de nombreuses propri\u00e9t\u00e9s. Parmi celles-ci, citons le fait que la cat\u00e9gorie des extensions scind\u00e9es est \u00e9quivalente \u00e0 celle des actions de groupes. Cette \u00e9quivalence n\u2019est pas toujours v\u00e9rifi\u00e9e: en particulier, la cat\u00e9gorie des mono\u00efdes ne poss\u00e8de pas cette propri\u00e9t\u00e9 remarquable que les groupes ont en commun, par exemple, avec les alg\u00e8bres de Lie. Cependant, dans l\u2019article [1], il a \u00e9t\u00e9 montr\u00e9 qu\u2019il existe une \u00e9quivalence de cette sorte si les extensions scind\u00e9es sont de type \u00ab Schreier \u00bb. Dans cette pr\u00e9sentation, nous allons rappeler la d\u00e9finition des extensions scind\u00e9es de type \u00ab Schreier \u00bb et montrer certaines de leurs propri\u00e9t\u00e9s. Motiv\u00e9s par l\u2019article [2], nous allons d\u00e9finir et \u00e9tudier les extensions dans la cat\u00e9gorie des big\u00e8bres. Quelles sont les caract\u00e9ristiques qu&#8217;elles doivent poss\u00e9der pour \u00eatre \u00e9quivalentes aux actions de big\u00e8bres ? Cette pr\u00e9sentation sera bas\u00e9e sur la pr\u00e9publication [3].<br \/>\n[1] D. Bourn, N. Martins-Ferreira, A. Montoli, M. Sobral, Schreier split epimorphisms in monoids and semirings, Textos de Matematica S\u00e9rie B, Departamento de Matematica da Universidade de Coimbra, vol. 45 (2014).<br \/>\n[2] M. Gran, G. Janelidze and M. Sobral, Split extensions and semidirect products of unitary magmas, Comment. Math. Univ. Carolin., vol. 60, no. 4, 509-527, (2019).<br \/>\n[3] F. Sterck, Split extensions of bialgebras and Hopf algebras, <a href=\"https:\/\/arxiv.org\/abs\/2008.02126\">https:\/\/arxiv.org\/abs\/2008.02126<\/a> (2020).<\/p>\n<p>Participants (dans l&#8217;ordre d&#8217;inscription):<br \/>\nAnatole Khelif<br \/>\nAndr\u00e9e Ehresmann<br \/>\nRen\u00e9 Guitart<br \/>\nDominique Bourn<br \/>\nSerge Bouc<br \/>\nFlorence Sterck<br \/>\nMarino Gran<br \/>\nIsar Stubbe<br \/>\nDaniel Tanr\u00e9<br \/>\nVincent Robin<br \/>\nMathias B\u00e9jean<br \/>\nGuillaume Sabbagh<br \/>\nAlexandre Popoff<br \/>\nSamuel Mwame<br \/>\nMarie Bjerrum<br \/>\nJohn Robert<br \/>\nJoost Vercruysse<br \/>\nPaolo Saracco<br \/>\nWilliam Javier Zuluaga Botero<br \/>\nDominique Massaux<br \/>\nDimitris Scarpalezos<br \/>\nS\u00e9bastien Mattenet<br \/>\nAlain Simon<br \/>\nJohn Fitgerald<br \/>\nSamuel Amo<br \/>\nPierre Ageron<br \/>\nJacques Darne<br \/>\nSt\u00e9phane Dugowson<br \/>\nJean-Jacques Brahim<br \/>\nJean-Pierre Laffineur<br \/>\nAline Michel<br \/>\nCamell Kachour<br \/>\nPierre Saurel<br \/>\nAlain Molinier<br \/>\nMichel Thom\u00e9<br \/>\nAlain Simon<br \/>\nFr\u00e9d\u00e9ric Paugam<br \/>\nabousaab[at]numericable.fr<br \/>\nM&#8217;Boka Kiese<br \/>\nIvo Dell&#8217;Ambrogio<br \/>\nAur\u00e9lien Djamant<br \/>\nFran\u00e7ois Renaud<br \/>\nJacques Penon<br \/>\nMoreno Andreatta<br \/>\nDavid Chataur<br \/>\nRichard Mijoule<br \/>\nEsther Elbaz<br \/>\nYann Palu<br \/>\nAlbert Burroni<br \/>\nElisabeth Burroni<br \/>\nOlivier Finkel<br \/>\nWilliam Hautekiet<br \/>\nMichael Wright<br \/>\nElena Sendroiu<br \/>\nJean-Jacques Rozenbaum<\/p>\n","protected":false},"excerpt":{"rendered":"<p>Lieu: partout&#8230; par vis\u00e9oconf\u00e9rence! Organisation: Anatole Kh\u00e9lif (khelif [at] math.univ-paris-diderot.fr, responsable technique), Andr\u00e9e Ehresmann (ehres [at] u-picardie.fr), Ren\u00e9 Guitart (rene.guitart [at] orange.fr). Participation: La participation se faisant via Zoom, les participants sont pri\u00e9s de s\u2019inscrire d&#8217;avance en envoyant un e-mail \u00e0 l&#8217;un des organisateurs. Ceci permettra \u00e0 Anatole Kh\u00e9lif de leur envoyer le lien permettant [&hellip;]<\/p>\n","protected":false},"author":1,"featured_media":0,"parent":96,"menu_order":0,"comment_status":"closed","ping_status":"closed","template":"","meta":[],"_links":{"self":[{"href":"https:\/\/www-lmpa.univ-littoral.fr\/~sic\/wordpress\/index.php?rest_route=\/wp\/v2\/pages\/1127"}],"collection":[{"href":"https:\/\/www-lmpa.univ-littoral.fr\/~sic\/wordpress\/index.php?rest_route=\/wp\/v2\/pages"}],"about":[{"href":"https:\/\/www-lmpa.univ-littoral.fr\/~sic\/wordpress\/index.php?rest_route=\/wp\/v2\/types\/page"}],"author":[{"embeddable":true,"href":"https:\/\/www-lmpa.univ-littoral.fr\/~sic\/wordpress\/index.php?rest_route=\/wp\/v2\/users\/1"}],"replies":[{"embeddable":true,"href":"https:\/\/www-lmpa.univ-littoral.fr\/~sic\/wordpress\/index.php?rest_route=%2Fwp%2Fv2%2Fcomments&post=1127"}],"version-history":[{"count":0,"href":"https:\/\/www-lmpa.univ-littoral.fr\/~sic\/wordpress\/index.php?rest_route=\/wp\/v2\/pages\/1127\/revisions"}],"up":[{"embeddable":true,"href":"https:\/\/www-lmpa.univ-littoral.fr\/~sic\/wordpress\/index.php?rest_route=\/wp\/v2\/pages\/96"}],"wp:attachment":[{"href":"https:\/\/www-lmpa.univ-littoral.fr\/~sic\/wordpress\/index.php?rest_route=%2Fwp%2Fv2%2Fmedia&parent=1127"}],"curies":[{"name":"wp","href":"https:\/\/api.w.org\/{rel}","templated":true}]}}

Séminaire du 10 mai 2021 par viséoconférence

<p>Lieu: partout&#8230; par viséoconférence!</p>
<p>Organisation: Anatole Khélif (khelif [at] math.univ-paris-diderot.fr, responsable technique), Andrée Ehresmann (ehres [at] u-picardie.fr), René Guitart (rene.guitart [at] orange.fr).</p>
<p>Participation: La participation se faisant via Zoom, les participants sont priés de s’inscrire d&#8217;avance en envoyant un e-mail à l&#8217;un des organisateurs. Ceci permettra à Anatole Khélif de leur envoyer le lien permettant de joindre la réunion. </p>
<p>Programme:<br />
Ce séminaire est dédicacé à <a href="https://www.youtube.com/watch?v=zfN4Enr1bLw">Christian Lair</a> (disparu en Septembre 2020).<br />
09h30 &#8211; Ouverture du séminaire par Anatole Khélif<br />
09h45 &#8211; Andrée Ehresmann<br />
10h30 &#8211; René Guitart<br />
11h15 &#8211; Dominique Bourn<br />
Pause<br />
14h00 &#8211; Serge Bouc<br />
14h45 &#8211; Florence Sterck<br />
15h30 &#8211; Hommages à Christian Lair, en préparation à un futur colloque en présentiel </p>
<p>Résumés:<br />
Andrée Ehresmann (Université d&#8217;Amiens) &#8211; Système évolutif des travaux de C. Lair<br />
Les travaux de recherche de C. Lair ont essentiellement porté sur la théorie des esquisses et l&#8217;étude de leurs réalisations ou modèles (catégories modelables ou accessibles). Je décrirai leur évolution tant du point de vue syntaxique que sémantique, insistant sur certains points: existence de petit diagramme localement libre, théorèmes de plongement, notion de &#8216;trame&#8217;.</p>
<p>René Guitart (Université Paris-Diderot) &#8211; Interprétation catégorique de la logique de l&#8217;indépendance de J. Hintikka (en collaboration avec C. Lair).                                                                                            L&#8217;exposé sera en trois points:<br />
1. Hintikka, critiquant la logique du 1er ordre, a développé la sémantique des jeux pour la logique du 1er ordre, et ensuite la logique pour l&#8217;indépendance ou IF-logic (Independence-Friendly Logic) avec notamment les quantificateurs-à-indépendances.<br />
2. La logique du 1er ordre &#8220;s&#8217;esquisse&#8221;.<br />
3. La IF-Logic de Hintikka peut se spécifier en terme de propriétés universelles intriquées.</p>
<p>Dominique Bourn (Université du Littoral) &#8211; Un point de vue « maltsevien » sur la fibration $\mathsf{Cat}\mathbb{E}\to\mathbb{E}$ des catégories internes.<br />
On montrera que la fibration $\mathsf{Cat}\mathbb{E}\to\mathbb{E}$ des catégories internes à $\mathbb{E}$ possède deux propriétés qui ont des rapports avec les concepts de proto-modularité  et de mal’tsevité.</p>
<p>Serge Bouc (Université d&#8217;Amiens) &#8211; Foncteurs de bi-ensembles et groupes d&#8217;ordre impair<br />
Je présenterai certains des liens existant entre les foncteurs de bi-ensembles et le théorème de Feit-Thompson selon lequel tout groupe fini d&#8217;ordre impair est résoluble. Ce théorème admet en effet une formulation équivalente en termes de foncteurs de bi-ensembles, et en retour, il permet de montrer des résultats non-triviaux sur certains foncteurs de bi-ensembles simples.</p>
<p>Florence Sterck (Université de Louvain-la-Neuve) &#8211; Extensions scindées de bigèbres<br />
Dans la catégorie des groupes, les extensions scindées ont de nombreuses propriétés. Parmi celles-ci, citons le fait que la catégorie des extensions scindées est équivalente à celle des actions de groupes. Cette équivalence n’est pas toujours vérifiée: en particulier, la catégorie des monoïdes ne possède pas cette propriété remarquable que les groupes ont en commun, par exemple, avec les algèbres de Lie. Cependant, dans l’article [1], il a été montré qu’il existe une équivalence de cette sorte si les extensions scindées sont de type « Schreier ». Dans cette présentation, nous allons rappeler la définition des extensions scindées de type « Schreier » et montrer certaines de leurs propriétés. Motivés par l’article [2], nous allons définir et étudier les extensions dans la catégorie des bigèbres. Quelles sont les caractéristiques qu&#8217;elles doivent posséder pour être équivalentes aux actions de bigèbres ? Cette présentation sera basée sur la prépublication [3].<br />
[1] D. Bourn, N. Martins-Ferreira, A. Montoli, M. Sobral, Schreier split epimorphisms in monoids and semirings, Textos de Matematica Série B, Departamento de Matematica da Universidade de Coimbra, vol. 45 (2014).<br />
[2] M. Gran, G. Janelidze and M. Sobral, Split extensions and semidirect products of unitary magmas, Comment. Math. Univ. Carolin., vol. 60, no. 4, 509-527, (2019).<br />
[3] F. Sterck, Split extensions of bialgebras and Hopf algebras, <a href="https://arxiv.org/abs/2008.02126">https://arxiv.org/abs/2008.02126</a> (2020).</p>
<p>Participants (dans l&#8217;ordre d&#8217;inscription):<br />
Anatole Khelif<br />
Andrée Ehresmann<br />
René Guitart<br />
Dominique Bourn<br />
Serge Bouc<br />
Florence Sterck<br />
Marino Gran<br />
Isar Stubbe<br />
Daniel Tanré<br />
Vincent Robin<br />
Mathias Béjean<br />
Guillaume Sabbagh<br />
Alexandre Popoff<br />
Samuel Mwame<br />
Marie Bjerrum<br />
John Robert<br />
Joost Vercruysse<br />
Paolo Saracco<br />
William Javier Zuluaga Botero<br />
Dominique Massaux<br />
Dimitris Scarpalezos<br />
Sébastien Mattenet<br />
Alain Simon<br />
John Fitgerald<br />
Samuel Amo<br />
Pierre Ageron<br />
Jacques Darne<br />
Stéphane Dugowson<br />
Jean-Jacques Brahim<br />
Jean-Pierre Laffineur<br />
Aline Michel<br />
Camell Kachour<br />
Pierre Saurel<br />
Alain Molinier<br />
Michel Thomé<br />
Alain Simon<br />
Frédéric Paugam<br />
abousaab[at]numericable.fr<br />
M&#8217;Boka Kiese<br />
Ivo Dell&#8217;Ambrogio<br />
Aurélien Djamant<br />
François Renaud<br />
Jacques Penon<br />
Moreno Andreatta<br />
David Chataur<br />
Richard Mijoule<br />
Esther Elbaz<br />
Yann Palu<br />
Albert Burroni<br />
Elisabeth Burroni<br />
Olivier Finkel<br />
William Hautekiet<br />
Michael Wright<br />
Elena Sendroiu<br />
Jean-Jacques Rozenbaum</p>

<p>Lieu: partout&#8230; par viséoconférence! Organisation: Anatole Khélif (khelif [at] math.univ-paris-diderot.fr, responsable technique), Andrée Ehresmann (ehres [at] u-picardie.fr), René Guitart (rene.guitart [at] orange.fr). Participation: La participation se faisant via Zoom, les participants sont priés de s’inscrire d&#8217;avance en envoyant un e-mail à l&#8217;un des organisateurs. Ceci permettra à Anatole Khélif de leur envoyer le lien permettant [&hellip;]</p>
