{"id":124,"date":"2006-11-01T14:18:55","date_gmt":"2006-11-01T14:18:55","guid":{"rendered":"http:\/\/localhost\/~isarstubbe\/wordpress\/?page_id=124"},"modified":"2006-11-01T14:18:55","modified_gmt":"2006-11-01T14:18:55","slug":"seminaire-de-novembre-2006-a-calais","status":"publish","type":"page","link":"https:\/\/www-lmpa.univ-littoral.fr\/~sic\/wordpress\/?page_id=124","title":{"rendered":"S\u00e9minaire du 10 novembre 2006 \u00e0 Calais"},"content":{"rendered":"<p>Journ\u00e9e en l&#8217;honneur du soixanti\u00e8me anniversaire de Jacques Penon <\/p>\n<p>Organisation: Dominique Bourn et Marino Gran<\/p>\n<p>Lieu: Universit\u00e9 du Littoral-C\u00f4te d&#8217;Opale \u00e0 Calais, Salle C116<\/p>\n<p>Programme:<\/p>\n<p>12h15 &#8211; D\u00e9jeuner d&#8217;accueil offert par le L.M.P.A.<\/p>\n<p>13h40 &#8211; 14h30 Francis Borceux (Universit\u00e9 catholique de Louvain): Pro-localisations de cat\u00e9gories homologiques<\/p>\n<p>14h40 &#8211; 15h30 Claude Cibils (Universit\u00e9 Montpellier 2): Quotients et produits smash de cat\u00e9gories lin\u00e9aires<\/p>\n<p>15h30 &#8211; 16h00 Pause caf\u00e9<\/p>\n<p>16h00 &#8211; 16h50 Ren\u00e9 Guitart (Universit\u00e9 Paris VII): Logique Mobile<\/p>\n<p>17h00 &#8211; 17h50 Jacques Penon (Universit\u00e9 Paris VII): Arr\u00eat sur la tangentiabilit\u00e9<\/p>\n<p>18h00 &#8211; Fin du colloque <\/p>\n","protected":false},"excerpt":{"rendered":"<p>Journ\u00e9e en l&#8217;honneur du soixanti\u00e8me anniversaire de Jacques Penon Organisation: Dominique Bourn et Marino Gran Lieu: Universit\u00e9 du Littoral-C\u00f4te d&#8217;Opale \u00e0 Calais, Salle C116 Programme: 12h15 &#8211; D\u00e9jeuner d&#8217;accueil offert par le L.M.P.A. 13h40 &#8211; 14h30 Francis Borceux (Universit\u00e9 catholique de Louvain): Pro-localisations de cat\u00e9gories homologiques 14h40 &#8211; 15h30 Claude Cibils (Universit\u00e9 Montpellier 2): Quotients [&hellip;]<\/p>\n","protected":false},"author":1,"featured_media":0,"parent":96,"menu_order":0,"comment_status":"closed","ping_status":"closed","template":"","meta":[],"_links":{"self":[{"href":"https:\/\/www-lmpa.univ-littoral.fr\/~sic\/wordpress\/index.php?rest_route=\/wp\/v2\/pages\/124"}],"collection":[{"href":"https:\/\/www-lmpa.univ-littoral.fr\/~sic\/wordpress\/index.php?rest_route=\/wp\/v2\/pages"}],"about":[{"href":"https:\/\/www-lmpa.univ-littoral.fr\/~sic\/wordpress\/index.php?rest_route=\/wp\/v2\/types\/page"}],"author":[{"embeddable":true,"href":"https:\/\/www-lmpa.univ-littoral.fr\/~sic\/wordpress\/index.php?rest_route=\/wp\/v2\/users\/1"}],"replies":[{"embeddable":true,"href":"https:\/\/www-lmpa.univ-littoral.fr\/~sic\/wordpress\/index.php?rest_route=%2Fwp%2Fv2%2Fcomments&post=124"}],"version-history":[{"count":0,"href":"https:\/\/www-lmpa.univ-littoral.fr\/~sic\/wordpress\/index.php?rest_route=\/wp\/v2\/pages\/124\/revisions"}],"up":[{"embeddable":true,"href":"https:\/\/www-lmpa.univ-littoral.fr\/~sic\/wordpress\/index.php?rest_route=\/wp\/v2\/pages\/96"}],"wp:attachment":[{"href":"https:\/\/www-lmpa.univ-littoral.fr\/~sic\/wordpress\/index.php?rest_route=%2Fwp%2Fv2%2Fmedia&parent=124"}],"curies":[{"name":"wp","href":"https:\/\/api.w.org\/{rel}","templated":true}]}}