{"id":1330,"date":"2024-01-25T15:47:48","date_gmt":"2024-01-25T15:47:48","guid":{"rendered":"https:\/\/www-lmpa.univ-littoral.fr\/~sic\/wordpress\/?page_id=1330"},"modified":"2025-03-14T13:42:00","modified_gmt":"2025-03-14T13:42:00","slug":"seminaire-du-5-avril-2024-a-lille-et-par-visioconference","status":"publish","type":"page","link":"https:\/\/www-lmpa.univ-littoral.fr\/~sic\/wordpress\/?page_id=1330","title":{"rendered":"S\u00e9minaire du 5 avril 2024 \u00e0 Lille"},"content":{"rendered":"<p><strong>Lieu<\/strong> : Universit\u00e9 de Lille, Laboratoire de Math\u00e9matiques, B\u00e2timent M2, Salle de r\u00e9union.<\/p>\n<p><strong>Organisation<\/strong> :<\/p>\n<p>Ivo Dell\u2019Ambrogio &lt;ivo.dell-ambrogio@univ-lille.fr&gt;<br \/>\nIsar Stubbe &lt;isar.stubbe@univ-littoral.fr&gt;<br \/>\nAlexis Virelizier &lt;alexis.virelizier@univ-lille.fr&gt;<\/p>\n<p>Ce SIC est soutenu financi\u00e8rement par la F\u00e9d\u00e9ration de Recherche Math\u00e9matique des Hauts-de-France et par le Labex CEMPI.<\/p>\n<p><strong>Participation<\/strong> :<\/p>\n<p>La participation au SIC est gratuite. Pour des raisons pratiques, on demande aux participants de s&#8217;inscrire. Pour cela, un simple mail \u00e0 un des organisateurs suffit. Le repas de midi sera offert aux participants inscrits avant le 15 mars 2024!<\/p>\n<p><strong>Programme<\/strong> :<\/p>\n<p>10h00 : Accueil avec caf\u00e9<br \/>\n10h30 \u2013 11h20 : Campanini<br \/>\n11h30 \u2013 12h20 : Carissimi<br \/>\nRepas<br \/>\n14h00 \u2013 14h50 : Culot<br \/>\n15h00 \u2013 15h50 : Vienne<br \/>\nPause caf\u00e9<br \/>\n16h10 \u2013 17h00 : Kachour<\/p>\n<p><a name=\"titres\"><\/a> <strong>Orateurs :<\/strong><\/p>\n<p>Federico Campanini : <i>Th\u00e9ories de torsion et pr\u00e9torsion<\/i> (<a href=\"#abstract-campanini\">r\u00e9sum\u00e9<\/a>).<br \/>\nNicola Carissimi : <i>Bicategorical enriched constructions<\/i> (<a href=\"#abstract-carissimi\">r\u00e9sum\u00e9<\/a>).<br \/>\nMaxime Culot : <i>Les foncteurs d\u00e9riv\u00e9es \u00e0 gauche non additifs<\/i> (<a href=\"#abstract-culot\">r\u00e9sum\u00e9<\/a>).<br \/>\nCamell Kachour : <i>Approche combinatoire de la cat\u00e9gorie $\\Theta_0$ des diagrammes de recollements cubiques et applications<\/i> (<a href=\"#abstract-kachour\">r\u00e9sum\u00e9<\/a>).<br \/>\nCorentin Vienne : <i>Le cosmash produit et son associativit\u00e9<\/i> (<a href=\"#abstract-vienne\">r\u00e9sum\u00e9<\/a>).<\/p>\n<p><strong>Informations utiles<\/strong><b> :<\/b><\/p>\n<p>Pour venir au laboratoire : <a href=\"https:\/\/ktzanev.github.io\/venir-labopp\/\">Instructions d\u00e9taill\u00e9es<\/a><\/p>\n<p>Pour dormir \u00e0 Lille : <a href=\"http:\/\/www.lilletourism.com\/dormir-a-lille.html\">Office de Tourisme de Lille<\/a><\/p>\n<p><strong>Zoom<\/strong><b> :<\/b><\/p>\n<p>Lien : <a href=\"https:\/\/univ-lille-fr.zoom.us\/j\/96428472820?pwd=b3VZV2F0MStjczJmR0VFcGszODVWQT09\">https:\/\/univ-lille-fr.zoom.us\/j\/96428472820?pwd=b3VZV2F0MStjczJmR0VFcGszODVWQT09<\/a><br \/>\nID de r\u00e9union : 964 2847 2820<br \/>\nCode secret : 550122<\/p>\n<p><strong>Participants<\/strong> (par ordre d\u2019inscription, la liste sera r\u00e9guli\u00e8rement mise \u00e0 jour) :<br \/>\nIvo Dell&#8217;Ambrogio<br \/>\nAlexis Virelizier<br \/>\nIsar Stubbe<br \/>\nDaniel Tanr\u00e9<br \/>\nCamell Kachour<br \/>\nFederico Campanini<br \/>\nAntoine Touz\u00e9<br \/>\nJacques Penon<br \/>\nTh\u00e9o Deturck<br \/>\nNicola Carissimi<br \/>\nMatthew Jackson<br \/>\nMaxime Culot<br \/>\nArnaud Duvieusart<br \/>\nCorentin Vienne<br \/>\nRub\u00e9n Martos<br \/>\nPierre Catoire<br \/>\nWilliam Hautekiet<br \/>\nJulia Ramos Gonzalez<br \/>\nQuentin Lapie<br \/>\nBenoit Fresse<br \/>\nJ\u00e9r\u00f4me Milot<br \/>\nXabier Garc\u00eda Mart\u00ednez<br \/>\nNadja Egner<br \/>\nFlorent Afsa<br \/>\nBo Shan Deval<br \/>\nAndr\u00e9e Ehresmann (*)<br \/>\nMarvin Verstraete<br \/>\nHuafeng Zhang<br \/>\nFlorentin Waligorski<br \/>\nRen\u00e9 Guitart (*)<br \/>\nLucy Grossman<br \/>\nDavid Forsman<\/p>\n<p>&nbsp;<\/p>\n<p><strong>R\u00e9sum\u00e9s :<\/strong><br \/>\n<a name=\"abstracts\"><\/a><\/p>\n<p><a name=\"abstract-campanini\"><\/a> <strong>Federico Campanini :<\/strong> <i>Th\u00e9ories de torsion et pr\u00e9torsion<\/i><\/p>\n<p>Les th\u00e9ories de pr\u00e9torsion sont d\u00e9finies comme des &#8220;th\u00e9ories de torsion non point\u00e9es&#8221;, o\u00f9 l&#8217;objet z\u00e9ro et les morphismes nuls sont remplac\u00e9s, respectivement, par une classe d&#8217;objets &#8220;triviaux&#8221; et un id\u00e9al appropri\u00e9 de morphismes. Les th\u00e9ories de pr\u00e9torsion ont \u00e9t\u00e9 introduites par Facchini et Finocchiaro en 2020 et apparaissent naturellement dans plusieurs contextes diff\u00e9rents en math\u00e9matiques, tels que les espaces topologiques et les groupes topologiques, les pr\u00e9ordres internes, les cat\u00e9gories, les groupes pr\u00e9ordonn\u00e9s, les V-groupes, les quandles, etc.<br \/>\nLe but de cet expos\u00e9 est de donner une vue d&#8217;ensemble des th\u00e9ories de torsion et de pr\u00e9torsion, introduisant les notions et propri\u00e9t\u00e9s cl\u00e9s et discutant diff\u00e9rents exemples dans plusieurs contextes diff\u00e9rents. On montrera \u00e9galement que dans certains cas, il est possible d&#8217;associer une th\u00e9orie de torsion \u00e0 une th\u00e9orie de pr\u00e9torsion de mani\u00e8re canonique (universelle), et enfin, on montrera comment construire des th\u00e9ories de pr\u00e9torsion \u00e0 partir de th\u00e9ories de torsion. (<a href=\"#titres\">Retour \u21a9<\/a>)<\/p>\n<p>Bas\u00e9 sur des travaux conjoints avec F. Borceux, M. Gran, W. Tholen [1, 2] et F. Fedele [3].<br \/>\n[1] F. Borceux, F. Campanini and M. Gran, Pretorsion theories in lextensive categories, to appear on Israel J. Math (2023). https:\/\/arxiv.org\/abs\/2205.11054<br \/>\n[2] F. Borceux, F. Campanini, M. Gran and W. Tholen, Groupoids and skeletal categories form a pretorsion theory in Cat, Adv. Math 426 (2023). https:\/\/doi.org\/10.1016\/j.aim.2023.109110<br \/>\n[3] F. Campanini, F. Fedele, Building pretorsion theories from torsion theories, submitted (2023). https:\/\/arxiv.org\/abs\/2310.00316<br \/>\n[4] A. Facchini, C.A. Finocchiaro and M. Gran, Pretorsion theories in general categories, J. Pure Appl. Algebra 225 (2) (2021) 106-503.<\/p>\n<p><a name=\"abstract-carissimi\"><\/a> <strong>Nicola carissimi :<\/strong> <i>Bicategorical enriched constructions<\/i><\/p>\n<p>Starting from the notion of enriched bicategory, generalizing at the same time and in opposite direction those of pseudomonoid and of bicategory, we are going to define the appropriate notion of (co)end for enriched pseudofunctors of the right type, allowing then to talk about Kan extensions and Day convolution. Most of the results from the classical theory of coends can be proved in this context, and some definitions become conceptually clearer. Time permitting, our motivation for developing and studying these notions &#8211; lying in the representation theory of finite groups &#8211; will also be presented. (<a href=\"#titres\">Retour \u21a9<\/a>)<\/p>\n<p><a name=\"abstract-culot\"><\/a> <strong>Maxime Culot :<\/strong> <i>Les foncteurs d\u00e9riv\u00e9es \u00e0 gauche non additifs<\/i><\/p>\n<p>Dans un cadre ab\u00e9lien, on peut d\u00e9finir les foncteurs Tor et Ext qui sont bas\u00e9s respectivement sur la notion de foncteur d\u00e9riv\u00e9 \u00e0 gauche et \u00e0 droite, d\u00e9finis en termes de complexes de chaines. Le probl\u00e8me des foncteurs d\u00e9riv\u00e9s \u00e0 gauche (et \u00e0 droite) est que la d\u00e9finition repose sur l&#8217;additivit\u00e9 des hom-sets.<br \/>\nLe but de cet expos\u00e9 est de montrer comment dans un cadre non ab\u00e9lien (comme la cat\u00e9gorie des groupes ou des alg\u00e8bres de Lie sur un anneau commutatif), on peut d\u00e9finir une notion de foncteur d\u00e9riv\u00e9 \u00e0 gauche en reprenant les id\u00e9es du cadre ab\u00e9lien. L\u2019expos\u00e9 permettra de montrer comment utiliser une notion de soustraction en voyant les hom-sets \u00e9quip\u00e9s d\u2019une structure &#8220;naturelle&#8221; de soustraction (au sens de D. Bourn et de Z. Janelidze), de se rendre compte que les foncteurs protoadditifs (au sens de T. Everaert et M. Gran) qui pr\u00e9servent les coproduits binaires et les morphismes propres sont compatibles avec cette &#8220;soustraction&#8221;, et d&#8217;\u00e9tudier une nouvelle condition sur les object projectifs (\u00eatre ferm\u00e9 par protosplit sous-objects). Tout cela mis ensemble forme les ingr\u00e9dients appropri\u00e9s pour une telle construction.<br \/>\nTout au long de l\u2019expos\u00e9, il sera mis en avant que cette construction non-additive est simplement une r\u00e9\u00e9criture non-triviale de ce qui est d\u00e9j\u00e0 connu dans le cadre ab\u00e9lien.<br \/>\nCe travail est bas\u00e9 sur une collaboration avec Fara Renaud et Tim Van der Linden (Universit\u00e9 catholique de Louvain). (<a href=\"#titres\">Retour \u21a9<\/a>)<\/p>\n<p><a name=\"abstract-kachour\"><\/a> <strong>Camell Kachour :<\/strong> <i>Approche combinatoire de la cat\u00e9gorie $\\Theta_0$ des diagrammes de recollements cubiques et applications<\/i><\/p>\n<p>Nous expliquerons une fa\u00e7on de construire les diagrammes de recollements cubiques. Ces constructions mettent en lumi\u00e8re des trames cubiques, ainsi que des objets cubiques dans la cat\u00e9gorie des esquisses. 1\u00e8re application: Avec eux on peut d\u00e9crire pr\u00e9cis\u00e9ment la monade des $\\infty$-cat\u00e9gories strictes cubiques avec connexions, et utiliser cette description pour montrer qu&#8217;elle est cart\u00e9sienne. 2nd application: On montre comment construire un coh\u00e9rateur cubique dont les mod\u00e8les ensemblistes sont des mod\u00e8les d&#8217;$\\infty$-cat\u00e9gories faibles cubiques avec connexions. (<a href=\"#titres\">Retour \u21a9<\/a>)<\/p>\n<p>Cet expos\u00e9 repose sur les deux articles (r\u00e9cemment publi\u00e9s) suivants:<br \/>\nhttps:\/\/cgasa.sbu.ac.ir\/article_104127_626ef86cac96225fd6081d68a6b371e1.pdf<br \/>\nhttps:\/\/cgasa.sbu.ac.ir\/article_104139_99ab7735b642aabc77182055ab88323d.pdf<\/p>\n<p><a name=\"abstract-vienne\"><\/a> <strong>Corentin Vienne :<\/strong> <i>Le cosmash produit et son associativit\u00e9<\/i><\/p>\n<p>Dans cet expos\u00e9, nous \u00e9tudierons la construction du cosmash produit (\u00e9troitement en lien avec les commutateurs) et les cas dans lequel ce dernier est associatif ou non. Nous verrons qu&#8217;\u00e0 travers ceci il est possible de caract\u00e9riser cat\u00e9goriquement les alg\u00e8bres commutatives et associatives. Enfin, nous discuterons, si le temps le permet, de savoir si une structure (lax)-mono\u00efdale d\u00e9coule du cosmash produit.<br \/>\nCe travail est le fruit d&#8217;une collaboration avec \u00dclo Reimaa et Tim Van der Linden dont les premiers r\u00e9sultats se trouvent dans : Associativity and the cosmash product in operadic varieties of algebras, Illinois J. Math. 67(3): 563-598 (September 2023). https:\/\/doi.org\/10.1215\/00192082-10678862 (<a href=\"#titres\">Retour \u21a9<\/a>)<\/p>\n","protected":false},"excerpt":{"rendered":"<p>Lieu : Universit\u00e9 de Lille, Laboratoire de Math\u00e9matiques, B\u00e2timent M2, Salle de r\u00e9union. Organisation : Ivo Dell\u2019Ambrogio &lt;ivo.dell-ambrogio@univ-lille.fr&gt; Isar Stubbe &lt;isar.stubbe@univ-littoral.fr&gt; Alexis Virelizier &lt;alexis.virelizier@univ-lille.fr&gt; Ce SIC est soutenu financi\u00e8rement par la F\u00e9d\u00e9ration de Recherche Math\u00e9matique des Hauts-de-France et par le Labex CEMPI. Participation : La participation au SIC est gratuite. Pour des raisons pratiques, on [&hellip;]<\/p>\n","protected":false},"author":1,"featured_media":0,"parent":96,"menu_order":0,"comment_status":"closed","ping_status":"closed","template":"","meta":[],"_links":{"self":[{"href":"https:\/\/www-lmpa.univ-littoral.fr\/~sic\/wordpress\/index.php?rest_route=\/wp\/v2\/pages\/1330"}],"collection":[{"href":"https:\/\/www-lmpa.univ-littoral.fr\/~sic\/wordpress\/index.php?rest_route=\/wp\/v2\/pages"}],"about":[{"href":"https:\/\/www-lmpa.univ-littoral.fr\/~sic\/wordpress\/index.php?rest_route=\/wp\/v2\/types\/page"}],"author":[{"embeddable":true,"href":"https:\/\/www-lmpa.univ-littoral.fr\/~sic\/wordpress\/index.php?rest_route=\/wp\/v2\/users\/1"}],"replies":[{"embeddable":true,"href":"https:\/\/www-lmpa.univ-littoral.fr\/~sic\/wordpress\/index.php?rest_route=%2Fwp%2Fv2%2Fcomments&post=1330"}],"version-history":[{"count":55,"href":"https:\/\/www-lmpa.univ-littoral.fr\/~sic\/wordpress\/index.php?rest_route=\/wp\/v2\/pages\/1330\/revisions"}],"predecessor-version":[{"id":1403,"href":"https:\/\/www-lmpa.univ-littoral.fr\/~sic\/wordpress\/index.php?rest_route=\/wp\/v2\/pages\/1330\/revisions\/1403"}],"up":[{"embeddable":true,"href":"https:\/\/www-lmpa.univ-littoral.fr\/~sic\/wordpress\/index.php?rest_route=\/wp\/v2\/pages\/96"}],"wp:attachment":[{"href":"https:\/\/www-lmpa.univ-littoral.fr\/~sic\/wordpress\/index.php?rest_route=%2Fwp%2Fv2%2Fmedia&parent=1330"}],"curies":[{"name":"wp","href":"https:\/\/api.w.org\/{rel}","templated":true}]}}