{"id":1502,"date":"2025-02-15T08:41:56","date_gmt":"2025-02-15T08:41:56","guid":{"rendered":"https:\/\/www-lmpa.univ-littoral.fr\/~sic\/wordpress\/?page_id=1502"},"modified":"2025-06-10T12:33:08","modified_gmt":"2025-06-10T12:33:08","slug":"seminaire-du-6-juin-2025-a-lens","status":"publish","type":"page","link":"https:\/\/www-lmpa.univ-littoral.fr\/~sic\/wordpress\/?page_id=1502","title":{"rendered":"S\u00e9minaire du 6 juin 2025 \u00e0 Lens"},"content":{"rendered":"<p>Journ\u00e9e Math\u00e9matique en l&#8217;honneur d&#8217;Albert Burroni, \u00e0 l&#8217;occasion de ses 90 ans. Un <a href=\"https:\/\/www-lmpa.univ-littoral.fr\/~sic\/Lens2025\/Guitart.pdf\">message aux participants<\/a> de Ren\u00e9 Guitart; les <a href=\"https:\/\/www-lmpa.univ-littoral.fr\/~sic\/JourneeBurroni2002.pdf\">Actes<\/a> de la pr\u00e9c\u00e9dente Journ\u00e9e Math\u00e9matique en l&#8217;honneur d&#8217;Albert Burroni, le <a href=\"https:\/\/www-lmpa.univ-littoral.fr\/~sic\/wordpress\/?page_id=399\">S\u00e9minaire du 20 septembre 2002 \u00e0 Paris<\/a>.<\/p>\n<p><strong>Lieu<\/strong> : Laboratoire de Math\u00e9matiques de Lens (LML), Universit\u00e9 d&#8217;Artois, Rue Jean Souvraz SP18, 62300 Lens. Les expos\u00e9s auront lieu dans la Salle des th\u00e8ses, au 2\u00e8me \u00e9tage juste en dessus du LML. Voir plus bas pour les renseignements pratiques.<\/p>\n<p><strong>Organisation<\/strong> :<\/p>\n<p>Ivo Dell\u2019Ambrogio (organisateur local, ivo.dellambrogio@univ-artois.fr)<br \/>\nAlexis Virelizier<br \/>\nIsar Stubbe<br \/>\nAndr\u00e9e Ehresmann<br \/>\nDavid Chataur<\/p>\n<p>Ce SIC est soutenu financi\u00e8rement par la F\u00e9d\u00e9ration de Recherche Math\u00e9matique des Hauts-de-France (<a href=\"https:\/\/fmhf.math.cnrs.fr\">FMHF<\/a>) et par le Laboratoire de Math\u00e9matiques de Lens (<a href=\"http:\/\/lml.univ-artois.fr\">LML<\/a>).<\/p>\n<p><strong>Participation<\/strong> :<\/p>\n<p>La participation au SIC est gratuite. Pour des raisons pratiques, on demande aux participants de s&#8217;inscrire. Pour cela, un simple mail \u00e0 l&#8217;organisateur local suffit. Le repas de midi sera offert aux participants inscrits <u>avant le 15 mai 2025!<\/u><\/p>\n<p><strong>Programme<\/strong> :<\/p>\n<p>9h30 : Accueil avec caf\u00e9<br \/>\n10h10 \u2013 11h00 : Isar Stubbe (Calais)<br \/>\n11h10 \u2013 12h00 : Albert Burroni (Paris)<br \/>\nRepas au restaurant L&#8217;Ardoise<br \/>\n14h00 \u2013 14h50 : Nathanael Arkor (Tallinn)<br \/>\n15h00 \u2013 15h50 : Manuel Mancini (Palermo \/ Louvain-la-Neuve)<br \/>\nPause caf\u00e9<br \/>\n16h10 \u2013 17h00 : Sophie d&#8217;Espalungue (Lille \/ Paris)<\/p>\n<p><a name=\"titres\"><\/a> <strong>Orateurs, titres et pr\u00e9sentations des expos\u00e9s :<\/strong><\/p>\n<p>Nathanael Arkor : <i>Virtual double categories: past, present, and future<\/i> (<a href=\"#abstract-arkor\">r\u00e9sum\u00e9<\/a>, <a href=\"https:\/\/www-lmpa.univ-littoral.fr\/~sic\/Lens2025\/Arkor.pdf\">pr\u00e9sentation<\/a>).<br \/>\nAlbert Burroni : <i>T-cat\u00e9gories de Albert Burroni versus op\u00e9rades de J. Peter May<\/i> (<a href=\"#abstract-burroni\">r\u00e9sum\u00e9<\/a>, <a href=\"https:\/\/www-lmpa.univ-littoral.fr\/~sic\/Lens2025\/Burroni1.pdf\">pr\u00e9sentation 1<\/a>, <a href=\"https:\/\/www-lmpa.univ-littoral.fr\/~sic\/Lens2025\/Burroni2.pdf\">pr\u00e9sentation 2<\/a>).<br \/>\nSophie d&#8217;Espalungue : <i>Th\u00e9orie des Cat\u00e9gories dans une 2-Cat\u00e9gorie<\/i> (<a href=\"#abstract-despalungue\">r\u00e9sum\u00e9<\/a>, <a href=\"https:\/\/www-lmpa.univ-littoral.fr\/~sic\/Lens2025\/dEspalungue.pdf\">pr\u00e9sentation<\/a>).<br \/>\nManuel Mancini : <i>Action accessible and weakly action representable varieties of algebras<\/i> (<a href=\"#abstract-mancini\">r\u00e9sum\u00e9<\/a>, <a href=\"https:\/\/www-lmpa.univ-littoral.fr\/~sic\/Lens2025\/Mancini.pdf\">pr\u00e9sentation<\/a>).<br \/>\nIsar Stubbe : <i>Quand Cat(Q) est-elle cart\u00e9sienne ferm\u00e9e?<\/i> (<a href=\"#abstract-stubbe\">r\u00e9sum\u00e9<\/a>, <a href=\"https:\/\/www-lmpa.univ-littoral.fr\/~sic\/Lens2025\/Stubbe.pdf\">pr\u00e9sentation<\/a>).<\/p>\n<p><strong>Informations utiles<\/strong><b> :<\/b><\/p>\n<p>Pour venir au LML : <a href=\"http:\/\/lml.univ-artois.fr\/public\/adresse\/#venir\">Instructions d\u00e9taill\u00e9es<\/a><br \/>\nPour dormir \u00e0 Lens : <a href=\"https:\/\/tourisme-lens.fr\/\">Office de Tourisme de Lens<\/a><br \/>\nPour ceux qui viendront <u>en voiture<\/u> : il sera possible le jour du SIC de se garer librement au parking de la Facult\u00e9, qui est directement adjacent \u00e0 notre b\u00e2timent. L&#8217;acc\u00e8s se fait du c\u00f4t\u00e9 Rue Jean Souvraz. Il suffit de mentionner le SIC \u00e0 l&#8217;interphone pour se faire ouvrir la barri\u00e8re.<br \/>\nNous vous conseillons d&#8217;acc\u00e9der le b\u00e2timent par l&#8217;ancienne fa\u00e7ade du c\u00f4t\u00e9 du parc (<a href=\"https:\/\/idellambrogio.github.io\/LML-instructions.pdf\">voir ici<\/a>), car la travers\u00e9e du b\u00e2timent depuis l&#8217;entr\u00e9e Nord pose un certain d\u00e9fi topologique. <\/p>\n<p><strong>Participants<\/strong> (par ordre d\u2019inscription) :<br \/>\nIvo Dell&#8217;Ambrogio (Lens)<br \/>\nAlexis Virelizier (Lille)<br \/>\nAndr\u00e9e Ehresmann (Amiens (*))<br \/>\nIsar Stubbe (Calais)<br \/>\nAntoine Touz\u00e9 (Lille)<br \/>\nDaniel Tanr\u00e9 (Lille)<br \/>\nAlbert Burroni (Paris)<br \/>\nElisabeth Burroni (Paris)<br \/>\nTim Van der Linden (Louvain-la-Neuve)<br \/>\nBo Shan Deval (Louvain-la-Neuve)<br \/>\nMaxime Culot (Louvain-la-Neuve)<br \/>\nFlorent Afsa (Louvain-la-Neuve)<br \/>\nManuel Mancini (Palermo)<br \/>\nJacques Penon (Paris)<br \/>\nMichael Wright (Bristol)<br \/>\nSophie d&#8217;Espalungue (Lille)<br \/>\nGuillaume Bressan (Lens)<br \/>\nDamien Boulanger (Calais)<br \/>\nNathanael Arkor (Tallinn)<br \/>\nAxel Osmond (Paris)<br \/>\nFlorentin Waligorski (Paris)<br \/>\nJulia Semikina (Lille)<br \/>\nAhmed Laghribi (Lens)<br \/>\nRen\u00e9 Guitart (Paris\/Nantes (*))<br \/>\nQuentin Lapie (Lille)<br \/>\nNicola Carissimi (Lille)<br \/>\nMarino Gran (Louvain-la-Neuve (*))<br \/>\nRichard Mijoule (*)<br \/>\nNadja Egner (Louvain-la-Neuve (*))<br \/>\n((*) = participation \u00e0 distance)<\/p>\n<p><strong>R\u00e9sum\u00e9s :<\/strong><br \/>\n<a name=\"abstracts\"><\/a><\/p>\n<p><a name=\"abstract-arkor\"><\/a> <strong>Nathanael Arkor :<\/strong> <i>Virtual double categories: past, present, and future<\/i><\/p>\n<p>Virtual double categories, introduced as &#8220;multicat\u00e9gories&#8221; by Albert Burroni in 1971, are two-dimensional structures that simultaneously generalise multicategories and double categories. While initially overlooked, the importance of virtual double categories in two-dimensional category theory is now becoming widely appreciated. In this talk, I will give an introduction to virtual double categories and present an overview of several recent applications, both in my own work and others&#8217;. My hope is to convince you that virtual double categories are fundamental in category theory and to give you intuition for situations in which virtual double categories may be useful in your own work. I will conclude by musing on some future directions for the theory of virtual double categories. (<a href=\"#titres\">Retour \u21a9<\/a>)<\/p>\n<p><a name=\"abstract-burroni\"><\/a> <strong>Albert Burroni :<\/strong> <i>T-cat\u00e9gories de Albert Burroni versus op\u00e9rades de J. Peter May<\/i> <\/p>\n<p> (<a href=\"#titres\">Retour \u21a9<\/a>)<\/p>\n<p><a name=\"abstract-despalungue\"><\/a> <strong> Sophie d&#8217;Espalungue :<\/strong> <i>Th\u00e9orie des Cat\u00e9gories dans une 2-Cat\u00e9gorie<\/i> <\/p>\n<p>L\u2019id\u00e9e est de d\u00e9velopper les outils de la th\u00e9orie des cat\u00e9gories dans une 2-cat\u00e9gorie munie d\u2019un objet S jouant un r\u00f4le structurel analogue \u00e0 celui de la cat\u00e9gorie des ensembles. Ainsi tout objet d\u2019une telle 2-cat\u00e9gorie est-il int\u00e9rieurement enrichi sur S. En particulier, on obtient pour chaque objet un objet pr\u00e9faisceau, ainsi qu\u2019un \u00e9quivalent du plongement de Yoneda, qui satisfait le lemme associ\u00e9. Cela permet notamment d\u2019exprimer explicitement les extensions de Kan interne en terme de fin\/cofin \u2014 et d\u2019en d\u00e9duire une formule pour un produit de convolution interne, analogue au produit de Day.<br \/>\nLorsque la 2-cat\u00e9gorie en question est celle des cat\u00e9gories, on retrouve les r\u00e9sultats habituels de la th\u00e9orie des cat\u00e9gories. Mais la motivation vient ici de la 2-cat\u00e9gorie des suites sym\u00e9triques de cat\u00e9gories: l\u2019objectif \u00e9tant la construction de l&#8217;op\u00e9rade des pr\u00e9faisceaux d\u2019une op\u00e9rade \u2014 en particulier, celle du poset des faces de l\u2019associah\u00e8dre. (<a href=\"#titres\">Retour \u21a9<\/a>)<\/p>\n<p><a name=\"abstract-mancini\"><\/a> <strong> Manuel Mancini :<\/strong> <i>Action accessible and weakly action representable varieties of algebras<\/i> <\/p>\n<p>The aim of this talk is to investigate the relationship between action accessibility and weak action representability in the context of varieties of non-associative algebras over a field. Using an argument of J. R. A. Gray in the setting of groups, we prove that the varieties of k-nilpotent Lie algebras (k>2) and the varieties of n-solvable Lie algebras (n>1) are not weakly action representable categories. These are the first known examples of action accessible varieties of non-associative algebras that fail to be weakly action representable, establishing that a subvariety of a (weakly) action representable variety of non-associative algebras need not be weakly action representable. If time permits, we refine J. R. A. Gray&#8217;s result by proving that the varieties of k-nilpotent groups (k>3) and that of 2-solvable groups are not weakly action representable.<\/p>\n<p>This is joint work with Xabier Garc\u00eda-Mart\u00ednez (Universidade de Vigo, Spain).  (<a href=\"#titres\">Retour \u21a9<\/a>)<\/p>\n<p><a name=\"abstract-stubbe\"><\/a> <strong> Isar Stubbe :<\/strong> <i>Quand Cat(Q) est-elle cart\u00e9sienne ferm\u00e9e?<\/i> <\/p>\n<p>Soit Q un quantalo\u00efde. Vu comme bicat\u00e9gorie, Q sert de base pour les cat\u00e9gories et foncteurs Q-enrichis: on obtient ainsi la cat\u00e9gorie Cat(Q). Des exemples classiques incluent les ensembles ordonn\u00e9s (pour Q la suspension de l&#8217;alg\u00e8bre de Boole \u00e0 deux \u00e9l\u00e9ments) et les espaces m\u00e9triques g\u00e9n\u00e9ralis\u00e9s (pour Q la suspension du quantale de Lawvere). Or, ces deux exemples se comportent de mani\u00e8re tr\u00e8s diff\u00e9rente : la premi\u00e8re est cart\u00e9sienne ferm\u00e9e, tandis que la seconde ne l&#8217;est pas. Cela soul\u00e8ve la question suivante : peut-on trouver des conditions n\u00e9cessaires et\/ou suffisantes sur Q pour que Cat(Q) soit cart\u00e9sienne ferm\u00e9e ? En nous appuyant sur un r\u00e9sultat de [Clementino, Hofmann et Stubbe, Exponentiable functors between quantaloid-enriched categories, Appl. Categor. Struct., 2009], nous donnons la r\u00e9ponse \u00e0 cette question. Cela unifie divers cas connus et fournit de nouveaux exemples. Travail en collaboration avec Junche Yu [Stubbe et Yu, When is Cat(Q) cartesian closed?, preprint arXiv:2501.03942, 2025]. (<a href=\"#titres\">Retour \u21a9<\/a>)<\/p>\n","protected":false},"excerpt":{"rendered":"<p>Journ\u00e9e Math\u00e9matique en l&#8217;honneur d&#8217;Albert Burroni, \u00e0 l&#8217;occasion de ses 90 ans. Un message aux participants de Ren\u00e9 Guitart; les Actes de la pr\u00e9c\u00e9dente Journ\u00e9e Math\u00e9matique en l&#8217;honneur d&#8217;Albert Burroni, le S\u00e9minaire du 20 septembre 2002 \u00e0 Paris. Lieu : Laboratoire de Math\u00e9matiques de Lens (LML), Universit\u00e9 d&#8217;Artois, Rue Jean Souvraz SP18, 62300 Lens. Les [&hellip;]<\/p>\n","protected":false},"author":1,"featured_media":0,"parent":96,"menu_order":0,"comment_status":"closed","ping_status":"closed","template":"","meta":[],"_links":{"self":[{"href":"https:\/\/www-lmpa.univ-littoral.fr\/~sic\/wordpress\/index.php?rest_route=\/wp\/v2\/pages\/1502"}],"collection":[{"href":"https:\/\/www-lmpa.univ-littoral.fr\/~sic\/wordpress\/index.php?rest_route=\/wp\/v2\/pages"}],"about":[{"href":"https:\/\/www-lmpa.univ-littoral.fr\/~sic\/wordpress\/index.php?rest_route=\/wp\/v2\/types\/page"}],"author":[{"embeddable":true,"href":"https:\/\/www-lmpa.univ-littoral.fr\/~sic\/wordpress\/index.php?rest_route=\/wp\/v2\/users\/1"}],"replies":[{"embeddable":true,"href":"https:\/\/www-lmpa.univ-littoral.fr\/~sic\/wordpress\/index.php?rest_route=%2Fwp%2Fv2%2Fcomments&post=1502"}],"version-history":[{"count":84,"href":"https:\/\/www-lmpa.univ-littoral.fr\/~sic\/wordpress\/index.php?rest_route=\/wp\/v2\/pages\/1502\/revisions"}],"predecessor-version":[{"id":1607,"href":"https:\/\/www-lmpa.univ-littoral.fr\/~sic\/wordpress\/index.php?rest_route=\/wp\/v2\/pages\/1502\/revisions\/1607"}],"up":[{"embeddable":true,"href":"https:\/\/www-lmpa.univ-littoral.fr\/~sic\/wordpress\/index.php?rest_route=\/wp\/v2\/pages\/96"}],"wp:attachment":[{"href":"https:\/\/www-lmpa.univ-littoral.fr\/~sic\/wordpress\/index.php?rest_route=%2Fwp%2Fv2%2Fmedia&parent=1502"}],"curies":[{"name":"wp","href":"https:\/\/api.w.org\/{rel}","templated":true}]}}