{"id":164,"date":"1996-01-01T11:46:16","date_gmt":"1996-01-01T11:46:16","guid":{"rendered":"http:\/\/www.lmpa.univ-littoral.fr\/SIC\/?page_id=164"},"modified":"1996-01-01T11:46:16","modified_gmt":"1996-01-01T11:46:16","slug":"seminaire-de-janvier-1996-a-paris","status":"publish","type":"page","link":"https:\/\/www-lmpa.univ-littoral.fr\/~sic\/wordpress\/?page_id=164","title":{"rendered":"S\u00e9minaire du 13 janvier 1996 \u00e0 Paris"},"content":{"rendered":"<p>Lieu: Paris 7 (Jussieu), Salle 401<\/p>\n<p>Organisation: P. Damphousse<\/p>\n<p>Programme:<\/p>\n<p>10h00: F. Lamarche &#8211; Cat\u00e9gories mono\u00efdales biferm\u00e9es libres, calcul de Lambek et logic lin\u00e9aire<\/p>\n<p>10h50: S. Soloviev &#8211; Une conjecture de Mac Lane<\/p>\n<p>11h45: E. Vitale &#8211; Groupe de Picard = Groupe de Brauer<\/p>\n<p>14h15: A. Burroni &#8211; Contribution g\u00e9om\u00e9trique aux calculs<\/p>\n<p>15h10: Z. Tamsamani &#8211; n-cat\u00e9gories et n-groupo\u00efdes non-stricts<\/p>\n<p>16h00: F. Borceux &#8211; Les cat\u00e9gories accessibles enrichies<\/p>\n","protected":false},"excerpt":{"rendered":"<p>Lieu: Paris 7 (Jussieu), Salle 401 Organisation: P. Damphousse Programme: 10h00: F. Lamarche &#8211; Cat\u00e9gories mono\u00efdales biferm\u00e9es libres, calcul de Lambek et logic lin\u00e9aire 10h50: S. Soloviev &#8211; Une conjecture de Mac Lane 11h45: E. Vitale &#8211; Groupe de Picard = Groupe de Brauer 14h15: A. Burroni &#8211; Contribution g\u00e9om\u00e9trique aux calculs 15h10: Z. Tamsamani [&hellip;]<\/p>\n","protected":false},"author":1,"featured_media":0,"parent":96,"menu_order":0,"comment_status":"closed","ping_status":"closed","template":"","meta":[],"_links":{"self":[{"href":"https:\/\/www-lmpa.univ-littoral.fr\/~sic\/wordpress\/index.php?rest_route=\/wp\/v2\/pages\/164"}],"collection":[{"href":"https:\/\/www-lmpa.univ-littoral.fr\/~sic\/wordpress\/index.php?rest_route=\/wp\/v2\/pages"}],"about":[{"href":"https:\/\/www-lmpa.univ-littoral.fr\/~sic\/wordpress\/index.php?rest_route=\/wp\/v2\/types\/page"}],"author":[{"embeddable":true,"href":"https:\/\/www-lmpa.univ-littoral.fr\/~sic\/wordpress\/index.php?rest_route=\/wp\/v2\/users\/1"}],"replies":[{"embeddable":true,"href":"https:\/\/www-lmpa.univ-littoral.fr\/~sic\/wordpress\/index.php?rest_route=%2Fwp%2Fv2%2Fcomments&post=164"}],"version-history":[{"count":0,"href":"https:\/\/www-lmpa.univ-littoral.fr\/~sic\/wordpress\/index.php?rest_route=\/wp\/v2\/pages\/164\/revisions"}],"up":[{"embeddable":true,"href":"https:\/\/www-lmpa.univ-littoral.fr\/~sic\/wordpress\/index.php?rest_route=\/wp\/v2\/pages\/96"}],"wp:attachment":[{"href":"https:\/\/www-lmpa.univ-littoral.fr\/~sic\/wordpress\/index.php?rest_route=%2Fwp%2Fv2%2Fmedia&parent=164"}],"curies":[{"name":"wp","href":"https:\/\/api.w.org\/{rel}","templated":true}]}}