{"id":195,"date":"2000-01-01T12:09:26","date_gmt":"2000-01-01T12:09:26","guid":{"rendered":"http:\/\/www.lmpa.univ-littoral.fr\/SIC\/?page_id=195"},"modified":"2000-01-01T12:09:26","modified_gmt":"2000-01-01T12:09:26","slug":"seminaire-de-janvier-2000-a-caen","status":"publish","type":"page","link":"https:\/\/www-lmpa.univ-littoral.fr\/~sic\/wordpress\/?page_id=195","title":{"rendered":"S\u00e9minaire du 29 janvier 2000 \u00e0 Caen"},"content":{"rendered":"<p>Lieu: Universit\u00e9 de Caen<\/p>\n<p>Organisation: Pierre Ageron<\/p>\n<p>Programme:<br \/>\n09h15: D. Bourn &#8211; Sous-objets normaux dans les cat\u00e9gories protomodulaires<br \/>\n10h15: C. Tabacznyj &#8211; Interpr\u00e9tation de programmes dans un topos<br \/>\n11h00: E. Vitale &#8211; Compl\u00e9tion de cat\u00e9gories et quasi-vari\u00e9t\u00e9s d&#8217;alg\u00e8bres<br \/>\n13h30: A. Burroni &#8211; Op\u00e9rades et $T$-cat\u00e9gories<br \/>\n14h30: C. Lair &#8211; Existence d&#8217;objets terminaux dans les cat\u00e9gories de mod\u00e8les et\u00a0 r\u00e9-esquissabilite<br \/>\n15h30: A. Ehresmann &#8211; Colimites locales et applications<\/p>\n","protected":false},"excerpt":{"rendered":"<p>Lieu: Universit\u00e9 de Caen Organisation: Pierre Ageron Programme: 09h15: D. Bourn &#8211; Sous-objets normaux dans les cat\u00e9gories protomodulaires 10h15: C. Tabacznyj &#8211; Interpr\u00e9tation de programmes dans un topos 11h00: E. Vitale &#8211; Compl\u00e9tion de cat\u00e9gories et quasi-vari\u00e9t\u00e9s d&#8217;alg\u00e8bres 13h30: A. Burroni &#8211; Op\u00e9rades et $T$-cat\u00e9gories 14h30: C. Lair &#8211; Existence d&#8217;objets terminaux dans les cat\u00e9gories [&hellip;]<\/p>\n","protected":false},"author":1,"featured_media":0,"parent":96,"menu_order":0,"comment_status":"closed","ping_status":"closed","template":"","meta":[],"_links":{"self":[{"href":"https:\/\/www-lmpa.univ-littoral.fr\/~sic\/wordpress\/index.php?rest_route=\/wp\/v2\/pages\/195"}],"collection":[{"href":"https:\/\/www-lmpa.univ-littoral.fr\/~sic\/wordpress\/index.php?rest_route=\/wp\/v2\/pages"}],"about":[{"href":"https:\/\/www-lmpa.univ-littoral.fr\/~sic\/wordpress\/index.php?rest_route=\/wp\/v2\/types\/page"}],"author":[{"embeddable":true,"href":"https:\/\/www-lmpa.univ-littoral.fr\/~sic\/wordpress\/index.php?rest_route=\/wp\/v2\/users\/1"}],"replies":[{"embeddable":true,"href":"https:\/\/www-lmpa.univ-littoral.fr\/~sic\/wordpress\/index.php?rest_route=%2Fwp%2Fv2%2Fcomments&post=195"}],"version-history":[{"count":0,"href":"https:\/\/www-lmpa.univ-littoral.fr\/~sic\/wordpress\/index.php?rest_route=\/wp\/v2\/pages\/195\/revisions"}],"up":[{"embeddable":true,"href":"https:\/\/www-lmpa.univ-littoral.fr\/~sic\/wordpress\/index.php?rest_route=\/wp\/v2\/pages\/96"}],"wp:attachment":[{"href":"https:\/\/www-lmpa.univ-littoral.fr\/~sic\/wordpress\/index.php?rest_route=%2Fwp%2Fv2%2Fmedia&parent=195"}],"curies":[{"name":"wp","href":"https:\/\/api.w.org\/{rel}","templated":true}]}}