{"id":206,"date":"2003-05-16T12:13:55","date_gmt":"2003-05-16T12:13:55","guid":{"rendered":"http:\/\/www.lmpa.univ-littoral.fr\/SIC\/?page_id=206"},"modified":"2003-05-16T12:13:55","modified_gmt":"2003-05-16T12:13:55","slug":"seminaire-du-16-mai-2003-a-valenciennes","status":"publish","type":"page","link":"https:\/\/www-lmpa.univ-littoral.fr\/~sic\/wordpress\/?page_id=206","title":{"rendered":"S\u00e9minaire du 16 mai 2003 \u00e0 Valenciennes"},"content":{"rendered":"<p>Journ\u00e9e en l&#8217;honneur d&#8217;Yves Diers.<\/p>\n<p>Lieu: Universit\u00e9 de Valenciennes et du Hainaut Cambr\u00e9sis, Institut des Sciences et Techniques de Valenciennes, Le Mont Houy, B\u00e2timent I.S.T.V.2, Salle de S\u00e9minaire et Amphi 70E<\/p>\n<p>Programme :<\/p>\n<p>9h30 Pierre Damphouse : Mutations des cartes cellulaires<\/p>\n<p>10h30  Caf\u00e9<\/p>\n<p>11h Dominique Bourn : Commutateurs et constructions universelles dans les cat\u00e9gories unitales et de Mal&#8217;cev<\/p>\n<p>12h Enrico Vitale : Une g\u00e9n\u00e9ralisation de la Dualit\u00e9 de Gabriel-Ulmer<\/p>\n<p>13h D\u00e9jeuner<\/p>\n<p>14h30 Pierre Ageron : Sur des travaux d&#8217;Yves Diers<\/p>\n<p>15h30  Jean B\u00e9nabou : Du vieux et du neuf sur les cat\u00e9gories fibr\u00e9es<\/p>\n<p>16h30  Pot de cl\u00f4ture<\/p>\n<p>Voir aussi <a href=\"http:\/\/www.univ-valenciennes.fr\/lamav\/JDiers.html\">ici<\/a>.<\/p>\n","protected":false},"excerpt":{"rendered":"<p>Journ\u00e9e en l&#8217;honneur d&#8217;Yves Diers. Lieu: Universit\u00e9 de Valenciennes et du Hainaut Cambr\u00e9sis, Institut des Sciences et Techniques de Valenciennes, Le Mont Houy, B\u00e2timent I.S.T.V.2, Salle de S\u00e9minaire et Amphi 70E Programme : 9h30 Pierre Damphouse : Mutations des cartes cellulaires 10h30 Caf\u00e9 11h Dominique Bourn : Commutateurs et constructions universelles dans les cat\u00e9gories unitales [&hellip;]<\/p>\n","protected":false},"author":1,"featured_media":0,"parent":96,"menu_order":0,"comment_status":"closed","ping_status":"closed","template":"","meta":[],"_links":{"self":[{"href":"https:\/\/www-lmpa.univ-littoral.fr\/~sic\/wordpress\/index.php?rest_route=\/wp\/v2\/pages\/206"}],"collection":[{"href":"https:\/\/www-lmpa.univ-littoral.fr\/~sic\/wordpress\/index.php?rest_route=\/wp\/v2\/pages"}],"about":[{"href":"https:\/\/www-lmpa.univ-littoral.fr\/~sic\/wordpress\/index.php?rest_route=\/wp\/v2\/types\/page"}],"author":[{"embeddable":true,"href":"https:\/\/www-lmpa.univ-littoral.fr\/~sic\/wordpress\/index.php?rest_route=\/wp\/v2\/users\/1"}],"replies":[{"embeddable":true,"href":"https:\/\/www-lmpa.univ-littoral.fr\/~sic\/wordpress\/index.php?rest_route=%2Fwp%2Fv2%2Fcomments&post=206"}],"version-history":[{"count":0,"href":"https:\/\/www-lmpa.univ-littoral.fr\/~sic\/wordpress\/index.php?rest_route=\/wp\/v2\/pages\/206\/revisions"}],"up":[{"embeddable":true,"href":"https:\/\/www-lmpa.univ-littoral.fr\/~sic\/wordpress\/index.php?rest_route=\/wp\/v2\/pages\/96"}],"wp:attachment":[{"href":"https:\/\/www-lmpa.univ-littoral.fr\/~sic\/wordpress\/index.php?rest_route=%2Fwp%2Fv2%2Fmedia&parent=206"}],"curies":[{"name":"wp","href":"https:\/\/api.w.org\/{rel}","templated":true}]}}