{"id":393,"date":"2002-03-16T10:19:25","date_gmt":"2002-03-16T10:19:25","guid":{"rendered":"http:\/\/www.lmpa.univ-littoral.fr\/SIC\/?page_id=393"},"modified":"2002-03-16T10:19:25","modified_gmt":"2002-03-16T10:19:25","slug":"seminaire-du-16-mars-2002-a-tours","status":"publish","type":"page","link":"https:\/\/www-lmpa.univ-littoral.fr\/~sic\/wordpress\/?page_id=393","title":{"rendered":"S\u00e9minaire du 16 mars 2002 \u00e0 Tours"},"content":{"rendered":"<p>Lieu: Universit\u00e9 de Tours, site de Grandmont, \u00e0 la Facult\u00e9\u00a0des Sciences<\/p>\n<p>Organisation: Pierre Damphousse<\/p>\n<p>Programme:<br \/>\n09:45 &#8211; Accueil des participants.<br \/>\n10:00 &#8211; Pierre Ageron, Cat\u00e9gorification de l&#8217;autodistributivit\u00e9<br \/>\n11:00 &#8211; Vincent Schmitt, Enriched categories and quasi-uniform spaces<br \/>\n12:00 &#8211; Agr\u00e9able pause prot\u00e9ine au &#8220;Noble Jou\u00e9&#8221; o\u00f9 l&#8217;universit\u00e9 nous offre le d\u00e9jeuner<br \/>\n14:00 &#8211; Albert Burroni, Les logographes (une g\u00e9om\u00e9trisation des concepts informatiques)<br \/>\n15:00 &#8211; Richard Mijoule, Fibrations born\u00e9es, localement born\u00e9es et applications (II)<br \/>\n16:00 &#8211; Petite r\u00e9union pour fixer le prochain SIC<br \/>\n16:30 &#8211; Pot en ville pour ceux qui en ont le temps<\/p>\n","protected":false},"excerpt":{"rendered":"<p>Lieu: Universit\u00e9 de Tours, site de Grandmont, \u00e0 la Facult\u00e9\u00a0des Sciences Organisation: Pierre Damphousse Programme: 09:45 &#8211; Accueil des participants. 10:00 &#8211; Pierre Ageron, Cat\u00e9gorification de l&#8217;autodistributivit\u00e9 11:00 &#8211; Vincent Schmitt, Enriched categories and quasi-uniform spaces 12:00 &#8211; Agr\u00e9able pause prot\u00e9ine au &#8220;Noble Jou\u00e9&#8221; o\u00f9 l&#8217;universit\u00e9 nous offre le d\u00e9jeuner 14:00 &#8211; Albert Burroni, Les [&hellip;]<\/p>\n","protected":false},"author":1,"featured_media":0,"parent":96,"menu_order":0,"comment_status":"closed","ping_status":"closed","template":"","meta":[],"_links":{"self":[{"href":"https:\/\/www-lmpa.univ-littoral.fr\/~sic\/wordpress\/index.php?rest_route=\/wp\/v2\/pages\/393"}],"collection":[{"href":"https:\/\/www-lmpa.univ-littoral.fr\/~sic\/wordpress\/index.php?rest_route=\/wp\/v2\/pages"}],"about":[{"href":"https:\/\/www-lmpa.univ-littoral.fr\/~sic\/wordpress\/index.php?rest_route=\/wp\/v2\/types\/page"}],"author":[{"embeddable":true,"href":"https:\/\/www-lmpa.univ-littoral.fr\/~sic\/wordpress\/index.php?rest_route=\/wp\/v2\/users\/1"}],"replies":[{"embeddable":true,"href":"https:\/\/www-lmpa.univ-littoral.fr\/~sic\/wordpress\/index.php?rest_route=%2Fwp%2Fv2%2Fcomments&post=393"}],"version-history":[{"count":0,"href":"https:\/\/www-lmpa.univ-littoral.fr\/~sic\/wordpress\/index.php?rest_route=\/wp\/v2\/pages\/393\/revisions"}],"up":[{"embeddable":true,"href":"https:\/\/www-lmpa.univ-littoral.fr\/~sic\/wordpress\/index.php?rest_route=\/wp\/v2\/pages\/96"}],"wp:attachment":[{"href":"https:\/\/www-lmpa.univ-littoral.fr\/~sic\/wordpress\/index.php?rest_route=%2Fwp%2Fv2%2Fmedia&parent=393"}],"curies":[{"name":"wp","href":"https:\/\/api.w.org\/{rel}","templated":true}]}}